{"id":9391,"date":"2024-09-25T13:38:43","date_gmt":"2024-09-25T11:38:43","guid":{"rendered":"https:\/\/www.tourdesuisse.ch\/conference-de-presse\/"},"modified":"2025-05-30T12:07:46","modified_gmt":"2025-05-30T10:07:46","slug":"conference-de-presse","status":"publish","type":"page","link":"https:\/\/www.tourdesuisse.ch\/fr\/conference-de-presse\/","title":{"rendered":"Conf\u00e9rence de presse"},"content":{"rendered":"\n<div class=\"background style-pattern\">\n<div class=\"hero-section hero-is-image hero-align-end hero-size-narrow\" style=\"--hero-image-full: url(&apos;https:\/\/www.tourdesuisse.ch\/wp-content\/uploads\/Buchli_Fotografie_Sam_Buchli-920416.jpg&apos;); --hero-image-aspect-ratio: 1.5; --hero-image-until-s: url(&apos;https:\/\/www.tourdesuisse.ch\/wp-content\/uploads\/Buchli_Fotografie_Sam_Buchli-920416-540x960.jpg&apos;); --hero-image-until-s-2x: url(&apos;https:\/\/www.tourdesuisse.ch\/wp-content\/uploads\/Buchli_Fotografie_Sam_Buchli-920416-1080x1920.jpg&apos;); --hero-image-until-sm: url(&apos;https:\/\/www.tourdesuisse.ch\/wp-content\/uploads\/Buchli_Fotografie_Sam_Buchli-920416.jpg&apos;); --hero-image-until-sm-2x: url(&apos;https:\/\/www.tourdesuisse.ch\/wp-content\/uploads\/Buchli_Fotografie_Sam_Buchli-920416.jpg&apos;); --hero-image-until-md: url(&apos;https:\/\/www.tourdesuisse.ch\/wp-content\/uploads\/Buchli_Fotografie_Sam_Buchli-920416-992x558.jpg&apos;); --hero-image-until-md-2x: url(&apos;https:\/\/www.tourdesuisse.ch\/wp-content\/uploads\/Buchli_Fotografie_Sam_Buchli-920416-1984x1116.jpg&apos;); --hero-image-until-lg: url(&apos;https:\/\/www.tourdesuisse.ch\/wp-content\/uploads\/Buchli_Fotografie_Sam_Buchli-920416-1200x675.jpg&apos;); --hero-image-until-lg-2x: url(&apos;https:\/\/www.tourdesuisse.ch\/wp-content\/uploads\/Buchli_Fotografie_Sam_Buchli-920416-2400x1350.jpg&apos;); --hero-image-until-xl: url(&apos;https:\/\/www.tourdesuisse.ch\/wp-content\/uploads\/Buchli_Fotografie_Sam_Buchli-920416-1425x802.jpg&apos;); --hero-image-until-xl-2x: url(&apos;https:\/\/www.tourdesuisse.ch\/wp-content\/uploads\/Buchli_Fotografie_Sam_Buchli-920416-2850x1604.jpg&apos;); --hero-image-position: 50% 50%\"\n>\n\t<div class=\"hero-media\">\n\t\t<div class=\"hero-media-overlay\"><\/div>\n\t\t<div class=\"hero-content-wrapper\">\n\t\t\t<div class=\"hero-content\">\n\t\t\t\t<div class=\"overhead-line\">\n<h3>Tour de Suisse<\/h3>\n<\/div>\n<h1>Conf\u00e9rence de presse<\/h1>\n\n\t\t\t<\/div>\n\t\t<\/div>\n\t<\/div>\n<\/div>\n\n<div class=\"intro-section page-section style-default layout-default align-default with-content\">\n\t<div class=\"section-grid grid-layout container\">\n\t\t<div style=\"--grid-layout-index: 1; --col-xs: 12; --col-sm: 12; --col-md: 12; --col-lg: 12; --col-xl: 12\" class=\"section-item layout-default layout-margin-default\">\n\t\t\t<div class=\"intro-background-title\" data-content=\"\"><\/div>\n\t\t\t<div class=\"intro-title-wrapper\">\n\t\t\t\t<h1 class=\"intro-title\"><\/h1>\n\t\t\t<\/div>\n\t\t\t<div class=\"intro-content lead-text\">\n\t\t\t\t<p><strong class=\"false\">Mercredi, 4 juin 2025, 10h30 &#8211; 12h00 (suivi d&#8217;un ap\u00e9ro riche)<br \/>\n<\/strong>Panorama Restaurant, Grossarni 4, 6403 K\u00fcssnacht<\/p>\n<p><strong class=\"false\">Inscription jusqu&#8217;au 27.5.2025 via le formulaire suivant svp.<\/strong><\/p>\n\n\t\t\t<\/div>\n\t\t<\/div>\n\t<\/div>\n<\/div>\n\n\n<\/div>","protected":false},"excerpt":{"rendered":"<p>Tour de Suisse Conf\u00e9rence de presse Mercredi, 4 juin 2025, 10h30 &#8211; 12h00 (suivi d&#8217;un ap\u00e9ro riche) Panorama Restaurant, Grossarni 4, 6403 K\u00fcssnacht Inscription jusqu&#8217;au 27.5.2025 via le formulaire suivant svp.<\/p>\n","protected":false},"author":2,"featured_media":0,"parent":0,"menu_order":0,"comment_status":"closed","ping_status":"closed","template":"","meta":{"_acf_changed":false,"inline_featured_image":false,"footnotes":""},"class_list":["post-9391","page","type-page","status-publish","hentry"],"acf":[],"_links":{"self":[{"href":"https:\/\/www.tourdesuisse.ch\/fr\/wp-json\/wp\/v2\/pages\/9391","targetHints":{"allow":["GET"]}}],"collection":[{"href":"https:\/\/www.tourdesuisse.ch\/fr\/wp-json\/wp\/v2\/pages"}],"about":[{"href":"https:\/\/www.tourdesuisse.ch\/fr\/wp-json\/wp\/v2\/types\/page"}],"author":[{"embeddable":true,"href":"https:\/\/www.tourdesuisse.ch\/fr\/wp-json\/wp\/v2\/users\/2"}],"replies":[{"embeddable":true,"href":"https:\/\/www.tourdesuisse.ch\/fr\/wp-json\/wp\/v2\/comments?post=9391"}],"version-history":[{"count":3,"href":"https:\/\/www.tourdesuisse.ch\/fr\/wp-json\/wp\/v2\/pages\/9391\/revisions"}],"predecessor-version":[{"id":15144,"href":"https:\/\/www.tourdesuisse.ch\/fr\/wp-json\/wp\/v2\/pages\/9391\/revisions\/15144"}],"wp:attachment":[{"href":"https:\/\/www.tourdesuisse.ch\/fr\/wp-json\/wp\/v2\/media?parent=9391"}],"curies":[{"name":"wp","href":"https:\/\/api.w.org\/{rel}","templated":true}]}}

Conférence de presse

<div class="background style-pattern">
<div class="hero-section hero-is-image hero-align-end hero-size-narrow" style="--hero-image-full: url(&apos;https://www.tourdesuisse.ch/wp-content/uploads/Buchli_Fotografie_Sam_Buchli-920416.jpg&apos;); --hero-image-aspect-ratio: 1.5; --hero-image-until-s: url(&apos;https://www.tourdesuisse.ch/wp-content/uploads/Buchli_Fotografie_Sam_Buchli-920416-540x960.jpg&apos;); --hero-image-until-s-2x: url(&apos;https://www.tourdesuisse.ch/wp-content/uploads/Buchli_Fotografie_Sam_Buchli-920416-1080x1920.jpg&apos;); --hero-image-until-sm: url(&apos;https://www.tourdesuisse.ch/wp-content/uploads/Buchli_Fotografie_Sam_Buchli-920416.jpg&apos;); --hero-image-until-sm-2x: url(&apos;https://www.tourdesuisse.ch/wp-content/uploads/Buchli_Fotografie_Sam_Buchli-920416.jpg&apos;); --hero-image-until-md: url(&apos;https://www.tourdesuisse.ch/wp-content/uploads/Buchli_Fotografie_Sam_Buchli-920416-992x558.jpg&apos;); --hero-image-until-md-2x: url(&apos;https://www.tourdesuisse.ch/wp-content/uploads/Buchli_Fotografie_Sam_Buchli-920416-1984x1116.jpg&apos;); --hero-image-until-lg: url(&apos;https://www.tourdesuisse.ch/wp-content/uploads/Buchli_Fotografie_Sam_Buchli-920416-1200x675.jpg&apos;); --hero-image-until-lg-2x: url(&apos;https://www.tourdesuisse.ch/wp-content/uploads/Buchli_Fotografie_Sam_Buchli-920416-2400x1350.jpg&apos;); --hero-image-until-xl: url(&apos;https://www.tourdesuisse.ch/wp-content/uploads/Buchli_Fotografie_Sam_Buchli-920416-1425x802.jpg&apos;); --hero-image-until-xl-2x: url(&apos;https://www.tourdesuisse.ch/wp-content/uploads/Buchli_Fotografie_Sam_Buchli-920416-2850x1604.jpg&apos;); --hero-image-position: 50% 50%"
>
	<div class="hero-media">
		<div class="hero-media-overlay"></div>
		<div class="hero-content-wrapper">
			<div class="hero-content">
				<div class="overhead-line">
<h3>Tour de Suisse</h3>
</div>
<h1>Conférence de presse</h1>

			</div>
		</div>
	</div>
</div>

<div class="intro-section page-section style-default layout-default align-default with-content">
	<div class="section-grid grid-layout container">
		<div style="--grid-layout-index: 1; --col-xs: 12; --col-sm: 12; --col-md: 12; --col-lg: 12; --col-xl: 12" class="section-item layout-default layout-margin-default">
			<div class="intro-background-title" data-content=""></div>
			<div class="intro-title-wrapper">
				<h1 class="intro-title"></h1>
			</div>
			<div class="intro-content lead-text">
				<p><strong class="false">Mercredi, 4 juin 2025, 10h30 &#8211; 12h00 (suivi d&#8217;un apéro riche)<br />
</strong>Panorama Restaurant, Grossarni 4, 6403 Küssnacht</p>
<p><strong class="false">Inscription jusqu&#8217;au 27.5.2025 via le formulaire suivant svp.</strong></p>

			</div>
		</div>
	</div>
</div>


</div>

<p>Tour de Suisse Conférence de presse Mercredi, 4 juin 2025, 10h30 &#8211; 12h00 (suivi d&#8217;un apéro riche) Panorama Restaurant, Grossarni 4, 6403 Küssnacht Inscription jusqu&#8217;au 27.5.2025 via le formulaire suivant svp.</p>
